Let m be z(17). Let u be 4 + (5*(-3)/3 - -2). What are the prime factors of 127 - 0/(m + u)?
127
Let p be 75/9 - (-12)/18. Suppose 0 = 6*c - p*c + 15. Suppose 5*a + 2*s = -2*s + 475, s - 460 = -c*a. List the prime factors of a.
7, 13
Let x be ((-2)/(2 + -4))/((-2)/(-594)). What are the prime factors of 175923/x - ((-2)/(-6) + 0)?
2, 37
Suppose 161*k + 3420712 - 17433724 = 482462. List the prime factors of k.
2, 7, 59, 109
Let p be 1 + 10 - (-4 - -2). Let k = 36 + p. Suppose 3*d - 5*v = k, -5*v = 2 + 23. List the prime factors of d.
2
Let g(x) be the second derivative of 17*x**4/3 + 15*x**2/2 + 87*x. List the prime factors of g(4).
1103
Suppose -r + 61015 = 3*u + 3*r, -5*u + 4*r + 101649 = 0. List the prime factors of u.
20333
Suppose -21*j - 7898 = -93053. What are the prime factors of j?
5, 811
Let x be (-20)/(-6) + (-10)/30. Let w be ((-1)/2)/((-4)/1480). Suppose -22 - w = -x*o. What are the prime factors of o?
3, 23
Suppose 9*l + 7 + 20 = 0. List the prime factors of (-163)/(-1) + (-4 - l).
2, 3
Let t = -25792 + 35928. List the prime factors of t.
2, 7, 181
Suppose 16 = -4*g + 4*h, 0 = -0*g + 4*g + 4*h + 40. Let i be (2/g)/(2/(-14)). What are the prime factors of (17/i)/((-14)/(-168))?
2, 3, 17
Suppose 4*m - 4*t = 1529 + 1003, 1260 = 2*m - 5*t. Let b = m + -249. Suppose -3*k - 24 + b = -4*h, 618 = 5*k - 3*h. List the prime factors of k.
2, 3, 7
Let y(d) = -d**3 - 5*d**2 + 7. Let t be y(-5). Let a be (-3)/(11/((-3278)/6)) + -5. Suppose t*v - a = v. What are the prime factors of v?
2, 3
Let c(n) = 31*n - 71. Suppose -60 = -5*a + 5*j, -49 + 27 = -2*a + j. List the prime factors of c(a).
239
Suppose -6*h - 42 = 0, 0 = -3*r + 2*h + 9222 + 19064. What are the prime factors of r?
2, 19, 31
Suppose 9 = -i + 2*p, i = 2*i + 4*p - 3. Let u be (((-50)/15)/(-5))/((-114)/171). List the prime factors of i - u/(5/730).
3, 47
Let r(g) = g**2 + 3*g - 12. Let k be r(-5). Let a be (-5)/(-25)*k*15. What are the prime factors of (25 + 2 + 3)*(-2)/a?
2, 5
Let o(g) = -g**2 - 11*g - 21. Let a be o(-3). Suppose 239 + 1390 = 3*l + a*h, 0 = 5*l - 2*h - 2715. What are the prime factors of l?
3, 181
Suppose 3 = 2*h + j, 3*h - 4*j + 2 = 23. Let y = -112 - -112. Suppose 5*o - 392 = h*v, -2*o = -y*o + 5*v - 132. List the prime factors of o.
2, 19
Suppose 0 = 3*r - 4*u + 26, -3*u = u - 8. Suppose 2 - 8 = 2*v. List the prime factors of ((-73)/v)/(r/(-18)).
73
List the prime factors of 1/(1/35773) - 0/(308/28).
83, 431
Let i(w) = 4*w**2 - 18*w + 65. Let o be i(18). List the prime factors of o/61*(0 + 93).
3, 17, 31
Let h(d) = 3398*d - 173. What are the prime factors of h(1)?
3, 5, 43
Let x be 2/(-10) + (-8)/(-40). Let m be -50*((-6)/30)/((-2)/24). What are the prime factors of 30 + -29 - (m - x)?
11
What are the prime factors of 20334 - (9 - (33 + -16))?
2, 7, 1453
Let x(z) = -143*z**2 + 71*z**2 + 2*z + 30 + 82*z**2 + z**3. What are the prime factors of x(-8)?
2, 71
Suppose 78660 = 23*h - 20070 + 4982. What are the prime factors of h?
2, 1019
Let z = -3120 - -10777. What are the prime factors of z?
13, 19, 31
Suppose -15672*h + 15693*h = 110544. List the prime factors of h.
2, 7, 47
Suppose 0*m + 2*m = 146. Suppose -s - m + 75 = 0. Suppose a + s*a - 255 = 5*c, c + 357 = 4*a. What are the prime factors of a?
2, 3, 5
Let a(q) = q**3 - 14*q**2 + 20*q + 83. Let l be a(12). What are the prime factors of 756 + (48/(-28) - 10/l)?
2, 13, 29
Let p(d) = -12*d**3 + 3*d**2 + 2*d + 12. Suppose -2*k = 0, o + 8 = -4*k + 5. List the prime factors of p(o).
3, 7, 17
Suppose 0 = -a - 5, 2*a = -4*s + 23 - 81. Suppose -17*f + 3844 = -5098. List the prime factors of f/4 + (-18)/s.
7, 19
Suppose -68*h + 1219008 = 23*h - 7*h. List the prime factors of h.
2, 907
Let v be 30/(-20)*328/(-6). Suppose -r + 125 + v = 0. Suppose 4*u - r = -5*a + 138, -a - 3 = 0. What are the prime factors of u?
2, 3, 5
Suppose 23*f + 5*f = -2*f + 323070. What are the prime factors of f?
11, 89
Let i = 498 + -488. List the prime factors of 12/i*(-12 - -11)*-5.
2, 3
Let o = 3878 - 3882. Suppose 2*f - 5*c + 385 = 84, 5*c = -4*f - 527. List the prime factors of (f/o)/((-3)/(-4)).
2, 23
Let g(m) = -66*m**3 + 3*m**2 - 5*m - 6. Let i be g(-1). Suppose 48*h = i*h - 24240. List the prime factors of h.
2, 3, 101
Let v be 16 - 981 - 1*3. Let k = 59 - v. What are the prime factors of k?
13, 79
Let c(q) = q**2 + 11*q - 9. Let m be c(-13). Let v = m - 23. What are the prime factors of (-664)/v + 1/3 + -1?
2, 5, 11
Let x(y) = y**3 - 21*y**2 + 22*y - 40. Let n be x(20). Suppose -3*r + 225 = 3*g - n*g, -20 = 4*g. What are the prime factors of r?
2, 5
Suppose 5*w + 67 = 3*v, -2*w - 27 = v - 2*v. What are the prime factors of 240/(-42) - -6 - 14934/w?
11, 97
Let c(u) = u**3 + 57*u**2 - 98*u - 223. List the prime factors of c(-42).
127, 239
Let g be -8*20/6*6/(-32). What are the prime factors of 16*1*g/20 - -161?
3, 5, 11
Let z = 24 - -5. Let d = z - 24. Suppose w + 6*f - 3*f - 68 = 0, 3*f - 364 = -d*w. List the prime factors of w.
2, 37
Suppose 267*y - 3*y - 18397632 = 0. List the prime factors of y.
2, 31, 281
Let b(p) = 19*p + 32. Suppose 0 = 13*k - 22*k + 315. Suppose v + k = 5*y, 2 = y + 4*v - 26. List the prime factors of b(y).
2, 23
Let n be -11 + 708/(-8) + (-1)/2. Let c = 61 - n. List the prime factors of c.
7, 23
Suppose 12*q + 154 = -14. List the prime factors of (-402)/(-7) + (-8)/q.
2, 29
Let j(q) = q**2 - q - 109. Let z be j(-28). Let t = z - 240. What are the prime factors of t?
463
Let s = -2 + 5. Let y(g) = -71*g - 1. Let i(w) = -6. Let u(z) = -3*i(z) - y(z). What are the prime factors of u(s)?
2, 29
Let h = -3 + 2. Let q be 0/h*4/(0 - 4). List the prime factors of (2 + -5)/((-9)/204 - q).
2, 17
Suppose 358*z = 76*z + 2840304. What are the prime factors of z?
2, 1259
Suppose -3*k - 4*l + 120 = 0, -2*k + 3*l = -0*l - 97. Suppose -3*u + 4*h = -k, 6*u + h = u + 104. List the prime factors of u/5 + 76 - -2.
2, 41
Let f(l) = -248*l - 91. Let j(m) = m + 3. Let d(q) = -f(q) + 4*j(q). List the prime factors of d(6).
5, 17, 19
Let o = 56 + -49. Suppose o*k - 15 = 2*k. Suppose 363 = 3*u - k*n, 4*u - 2*n - 268 = 206. List the prime factors of u.
2, 29
Suppose 156*g - 9370212 = 3471080 - 407000. What are the prime factors of g?
3, 163
Suppose -6*c - 237 = w - 7*c, 0 = -w - 4*c - 237. Let f = 529 + w. List the prime factors of f.
2, 73
Let a(i) = -i**2 - 3*i + 5. Let b be a(-3). Suppose -2*w + 586 = 4*o, b*o + 0*o + 5*w - 740 = 0. Suppose 0 = -3*t + 83 + o. What are the prime factors of t?
2, 19
Let w = -1084 + 1651. Suppose w = 3*h - 267. List the prime factors of h.
2, 139
Let l(x) = x - 47. Suppose 7*d - 3*u = 2*d - 41, 0 = -2*u + 4. Let o be l(d). Let w = o - -68. List the prime factors of w.
2, 7
Let a(t) be the first derivative of t**4/24 + 3*t**3/2 - 6*t**2 - 15. Let h(i) be the second derivative of a(i). What are the prime factors of h(5)?
2, 7
Let u(d) = 30*d - 104. Let a(o) = 7*o - 23. Let r be a(7). List the prime factors of u(r).
2, 13
Let d = -5503 + 13280. What are the prime factors of d?
7, 11, 101
Let z = 64692 - 37723. List the prime factors of z.
149, 181
Let h(b) = 55*b - 30. Let p be h(-3). Let m = 900 + p. What are the prime factors of m?
3, 5, 47
Let o = 93 + -29. Suppose o*u - 63*u = 7. Suppose -u*n = -12*n + 865. List the prime factors of n.
173
Let r = -12 + 15. Suppose d + 3*d - r*j = 974, 2*d + 5*j - 474 = 0. List the prime factors of d.
2, 11
Let v = 3992 - 549. List the prime factors of v.
11, 313
Let g(p) = p**2 - 46*p + 36. Let d be g(44). List the prime factors of d/((-7)/(168/16)).
2, 3, 13
Suppose -2*m + 36467 = 6*h - 9*h, 15*h = -3*m + 54720. List the prime factors of m.
5, 7, 521
Let q(g) = 147*g - 63. What are the prime factors of q(4)?
3, 5, 7
Let t be (-2 - 9)/((-1)/5). Let f(z) = 5*z + 105. Let h be f(30). Suppose -50*r + t*r = h. What are the prime factors of r?
3, 17
Let c(t) be the first derivative of 15*t**2/2 - 22*t + 288. Suppose 4 = -2*r - 5*n, n + 23 = 3*r - 5. What are the prime factors of c(r)?
2, 7
Let v be (-8 + 3)*(-259)/5. Let g = -172 + v. What are the prime factors of g?
3, 29
Suppose 0 = 4*o + r - 6*r - 391, -4*o = -r - 411. Let x = 110 - o. Let b(h) = 3*h**2 - 10*h - 14. List the prime factors of b(x).
2, 17
Let j(h) = -10*h - 5*h - 10 + 103 - 10*h. List the prime factors of j